t u(k) = k**3 - 4*k**2 - 2*k - 3. Let s be u(5). What is the highest common divisor of s and i?
12
Let p be (5 - -2) + (-3 - 0). Suppose 2*h = -5*v - 2*h + 260, -p*h = 2*v - 104. Suppose -13*j + 11*j = -v. What is the greatest common divisor of 39 and j?
13
Suppose 70 = -0*g - 5*g. Let l = g + 16. Let o be 6/(-2) + l + 13. Calculate the greatest common factor of 12 and o.
12
Suppose 4 = -5*f + 2*g + 27, 3*f - 4*g = 25. Suppose d = -a + 42, 6*d - 164 = 2*d - f*a. What is the greatest common divisor of 95 and d?
19
Let r = 141 + -119. Suppose 12 = 4*z + 5*i, 3*i - r = 4*z - 66. What is the highest common factor of z and 4?
4
Let a = 50 - 62. Let g be (-176)/a*51/2. What is the highest common factor of g and 34?
34
Let k be (-1)/(-4) + (-2772)/16 + -1. Let r be (16/6)/((-4)/k). What is the greatest common factor of r and 29?
29
Let f be (-32 - 4)*3/(-4). Suppose -470 = -3*n - 4*m, 812 = 4*n + 5*m + 184. What is the highest common divisor of n and f?
27
Let t(k) = 161*k + 2289. Let s be t(-14). Suppose -u + 4 - 1 = 0. Suppose -i + 280 = u*i. What is the highest common factor of i and s?
35
Suppose -22 = -f - 4*d, f = 6*f + 4*d - 30. Suppose 6 = -0*p + f*p. Suppose -i = -t + 26, p*t = 2*t + 4*i + 38. What is the greatest common factor of t and 22?
22
Suppose 12*z + 0*z - 36 = 0. Let v be 2 + 1/(-1) + 323. Suppose v = z*t + t. What is the highest common factor of t and 9?
9
Let z(v) = 158*v + 828. Let h be z(-5). Calculate the greatest common factor of h and 285.
19
Suppose 10*g - 104 = -4*b, -4*g - 124 = 3*b - 6*b. What is the highest common factor of b and 3492?
36
Suppose 5*n - 565 = -0*n + 5*d, -2*n + 5*d = -235. Let k = 133 - n. What is the highest common divisor of 138 and k?
23
Suppose 28 = j - 4*r - 57, -2*r = j - 61. Let i = 79 - j. Calculate the highest common divisor of 70 and i.
10
Let y(m) = 39*m + 6. Let l(u) = -2*u - 15. Let k be l(-8). Let r be y(k). What is the greatest common factor of 30 and r?
15
Suppose 0 = -10*s + 12*s - 278. Suppose s*f - 143*f = -32. Calculate the highest common divisor of f and 136.
8
Suppose 0 = y - r - 3, -y + 3*r + 3 = 6. Let g be (-11)/(154/(-35)) + y/(-4). Let u = 1 - 0. Calculate the greatest common divisor of g and u.
1
Let g be 1561/2 + (-12)/24. What is the greatest common divisor of 240 and g?
60
Let j(i) = -i**2 - 10*i + 22. Let n be j(-15). Let c = 185 + n. Calculate the highest common factor of 12 and c.
12
Let g(j) = -2*j**2 - j - 2. Let u be g(-1). Let a be u*(-7)/((-63)/30). Let h be (2 + (-111)/6)*a. Calculate the greatest common factor of 15 and h.
15
Suppose 2*s - 35*s = -297. Calculate the highest common factor of s and 2385.
9
Suppose 3*c + i - 5 = 70, -4*c = 5*i - 100. Calculate the highest common divisor of c and 2950.
25
Suppose -2*v + v = -417. Suppose c - 3*d = 5*c - 769, 2*c = 5*d + v. Calculate the greatest common factor of 28 and c.
28
Let n = -28 - -30. Suppose -t - 2*t = 15, -3*r + n*t = -472. Calculate the greatest common divisor of 14 and r.
14
Let l(o) = 13*o**2 - 23*o + 136. Let u be l(8). What is the greatest common factor of u and 16?
16
Let j be 210/(-4305) + (-2464)/(-82). Calculate the greatest common factor of j and 80.
10
Let t(d) = d**3 + 24*d**2 + 17*d - 39. Let g be t(-23). What is the highest common factor of g and 264?
33
Let u = -284 + 374. Let h be -1 + -1 + 62/1. Calculate the highest common divisor of h and u.
30
Let b be (3 + -8 + 628/20)*5. What is the highest common factor of b and 88?
44
Suppose -6*b = 26 - 80. Let w be 1/(-3) + ((-2040)/b)/(-8). Calculate the greatest common factor of 7 and w.
7
Let b be (-123)/(-12) - (4 - 0)/16. Let v = -9 + 13. What is the highest common factor of v and b?
2
Suppose -4*f + 3*j = -207, 3*f - 144*j + 142*j = 156. Let v = -10 + 16. Calculate the greatest common divisor of v and f.
6
Let s = -872 - -949. What is the highest common factor of 77 and s?
77
Suppose 0 = -t - u - 71, -5*t = 4*u + 306 + 52. Let d be (-4 - -2 - t) + -3. Suppose -3*b + d - 21 = 0. Calculate the highest common divisor of b and 40.
8
Let n(m) = -m**2 + 8*m + 5. Let x be n(5). Let q = x - -18. What is the greatest common factor of 95 and q?
19
Let q = 99 + -15. What is the highest common factor of 408 and q?
12
Suppose 3*g - 35 = 2*n - 86, -2*g - 10 = 0. What is the greatest common divisor of n and 54?
18
Let b = 83 + -67. Let a(x) = x**3 + x**2 + 80. Let n(o) = o**2 - 4*o + 3. Let p be n(3). Let d be a(p). What is the highest common divisor of d and b?
16
Let d(c) = -4 + 0 - 6*c - 4*c**2 + c**3 + 11. Let s be d(5). Suppose -s*q = -4*q + 238. What is the highest common divisor of q and 17?
17
Suppose m = 4*m - 12. Suppose -m*s + 0*s = -84. What is the greatest common divisor of s and 21?
21
Let v be (-72)/3 - -2 - 3. Suppose -2*i = 8, -u + 2*i + 3*i + 114 = 0. Let k = u + v. What is the greatest common factor of k and 46?
23
Suppose 90 = 3*h - 18. Let x be (8/(-10))/(78/(-2340)). What is the highest common factor of h and x?
12
Suppose 0 = -5*o - 10*v + 6*v + 120, 3*o - v - 89 = 0. Calculate the highest common divisor of o and 196.
28
Let h(t) = -3*t**2 + 7*t - 5. Let o be h(11). Let c = o - -139. Let n be 22/121 - c/11. What is the greatest common divisor of n and 14?
14
Suppose w + 3*u = 3*w - 70, 5*w + 4*u - 175 = 0. Suppose 1 + 11 = -3*y. Let c = y + 11. Calculate the highest common factor of c and w.
7
Let j(z) = -9*z + 7. Let i be 2/8 - 78/24. Let l be j(i). Calculate the highest common factor of l and 51.
17
Suppose 2*l - 8 = 0, 0*k + 23 = k - 4*l. Suppose 42 + 10 = b. Calculate the greatest common factor of b and k.
13
Suppose 31*p + 5*l + 170 = 36*p, -5*p - l = -164. Calculate the greatest common factor of p and 825.
33
Suppose -2*z + 24 = z. Let v be 5/(-15) + (-131)/3. Let a = -32 - v. What is the greatest common divisor of z and a?
4
Suppose 512 = 6*y + 10*y. What is the highest common factor of y and 448?
32
Let z = 1895 - 1859. Calculate the highest common divisor of z and 144.
36
Let h(w) = w**2 - w. Let l(j) = -2*j**2 + 10*j - 11. Let t(a) = -3*h(a) - l(a). Let s be t(-7). What is the highest common factor of 99 and s?
11
Suppose -66 - 98 = -2*c - 4*y, -y + 2 = 0. What is the highest common divisor of 442 and c?
26
Let n(x) = 2*x**2 - 10*x - 3. Let c be n(5). Let m be (-50)/(-2)*c/(-5). Let k be 2*20*3/4. Calculate the highest common divisor of k and m.
15
Let c = -4 - -4. Suppose -3*q = -c*q. Suppose -4*p + 385 + 11 = q. Calculate the highest common divisor of 9 and p.
9
Let b be (7/28)/((-1)/(-8)). Suppose 6 = 4*o + b. Let t be o/(-3)*5*-3. Calculate the highest common divisor of t and 5.
5
Let y(c) = c**3 + 11*c**2 + 12*c + 22. Let g be y(-10). Let q be g/(-3) - 517/(-33). Calculate the greatest common factor of q and 255.
15
Let f = -2 + 14. Suppose -i + 9*i = 576. Let p be 31 - ((-2)/(-9) + 56/i). What is the greatest common factor of p and f?
6
Suppose -7*n = -5*n + 54. Let p be (23 + 1)*(-18)/n. Suppose -3*s + 4*w = -63, p = s - 4*w - 13. Calculate the highest common factor of 136 and s.
17
Let s be (-20)/(-1)*6/15. Let j be (27207/(-33))/3 - 8/44. Let f = -187 - j. What is the highest common divisor of s and f?
8
Suppose -84 = 8*f - 12*f. Let d be (-1)/3 - (-133)/f. Let x be (13 - 3)*(-6)/(-10). What is the highest common factor of d and x?
6
Suppose 5*y - 6*y + 17 = 0. Suppose -462 - 1086 = -4*g. Let x = g - 200. Calculate the highest common divisor of y and x.
17
Let p be ((-185)/259)/((-1)/7) - 0. What is the highest common factor of 300 and p?
5
Let l = 912 - 542. What is the greatest common divisor of l and 20?
10
Let m be 0/2 - (-6 - -2). Suppose -m*l + 80 = l. Let t = -15 + l. What is the greatest common factor of t and 8?
1
Suppose -2*z + 1023 = 2*s + 3*s, -5*z = 3*s - 629. What is the highest common divisor of s and 58?
29
Let i be 446/30 - (-2)/15. Let y be (8/12)/(1/i). What is the greatest common factor of 20 and y?
10
Let r(u) = -3*u + 1. Suppose -8 = -3*g + 4. Suppose -g*p - 22 = -p + 4*x, 0 = -2*p + 3*x + 8. Let w be r(p). What is the highest common factor of w and 77?
7
Let b(t) = 3*t**2 + t - 2. Let c be b(-2). Suppose j = -c + 25. What is the greatest common factor of 136 and j?
17
Suppose 4*p - o - 11 - 6 = 0, 4*p = -2*o + 26. Suppose -p*g = 5*x + 5, -2*x - 3 = 3. What is the highest common divisor of 